{"id":13,"date":"2019-08-30T16:07:47","date_gmt":"2019-08-30T14:07:47","guid":{"rendered":"http:\/\/breton-nantes.bzh\/?page_id=13"},"modified":"2026-04-13T13:18:35","modified_gmt":"2026-04-13T11:18:35","slug":"association","status":"publish","type":"page","link":"https:\/\/breton-nantes.bzh\/index.php\/association\/","title":{"rendered":"La f\u00e9d\u00e9ration"},"content":{"rendered":"\t\t<div data-elementor-type=\"wp-page\" data-elementor-id=\"13\" class=\"elementor elementor-13\">\n\t\t\t\t\t\t<section class=\"elementor-section elementor-top-section elementor-element elementor-element-99231ba elementor-section-boxed elementor-section-height-default elementor-section-height-default\" data-id=\"99231ba\" data-element_type=\"section\">\n\t\t\t\t\t\t<div class=\"elementor-container elementor-column-gap-default\">\n\t\t\t\t\t<div class=\"elementor-column elementor-col-50 elementor-top-column elementor-element elementor-element-a49f7b9\" data-id=\"a49f7b9\" data-element_type=\"column\">\n\t\t\t<div class=\"elementor-widget-wrap elementor-element-populated\">\n\t\t\t\t\t\t<div class=\"elementor-element elementor-element-981b658 elementor-view-default elementor-widget elementor-widget-icon\" data-id=\"981b658\" data-element_type=\"widget\" data-widget_type=\"icon.default\">\n\t\t\t\t<div class=\"elementor-widget-container\">\n\t\t\t\t\t<div class=\"elementor-icon-wrapper\">\n\t\t\t<div class=\"elementor-icon\">\n\t\t\t<i aria-hidden=\"true\" class=\"fas fa-users\"><\/i>\t\t\t<\/div>\n\t\t<\/div>\n\t\t\t\t<\/div>\n\t\t\t\t<\/div>\n\t\t\t\t<div class=\"elementor-element elementor-element-da117d0 elementor-widget elementor-widget-heading\" data-id=\"da117d0\" data-element_type=\"widget\" data-widget_type=\"heading.default\">\n\t\t\t\t<div class=\"elementor-widget-container\">\n\t\t\t<h2 class=\"elementor-heading-title elementor-size-default\">Qui sommes-nous ?<\/h2>\t\t<\/div>\n\t\t\t\t<\/div>\n\t\t\t\t<div class=\"elementor-element elementor-element-2be785f elementor-widget elementor-widget-text-editor\" data-id=\"2be785f\" data-element_type=\"widget\" data-widget_type=\"text-editor.default\">\n\t\t\t\t<div class=\"elementor-widget-container\">\n\t\t\t\t\t\t\t<p><span style=\"font-size: 14pt;\">Acteur incontournable de l\u2019enseignement du breton en Loire-Atlantique depuis 1985, KanN est aujourd\u2019hui une f\u00e9d\u00e9ration regroupant plus de 200 adh\u00e9rents&#8230;<\/span><\/p>\t\t\t\t\t\t<\/div>\n\t\t\t\t<\/div>\n\t\t\t\t<div class=\"elementor-element elementor-element-d241a22 elementor-align-center elementor-widget elementor-widget-button\" data-id=\"d241a22\" data-element_type=\"widget\" data-widget_type=\"button.default\">\n\t\t\t\t<div class=\"elementor-widget-container\">\n\t\t\t\t\t<div class=\"elementor-button-wrapper\">\n\t\t\t<a class=\"elementor-button elementor-button-link elementor-size-sm\" href=\"https:\/\/breton-nantes.bzh\/?page_id=910&#038;preview=true\">\n\t\t\t\t\t\t<span class=\"elementor-button-content-wrapper\">\n\t\t\t\t\t\t\t\t\t<span class=\"elementor-button-text\">En savoir plus<\/span>\n\t\t\t\t\t<\/span>\n\t\t\t\t\t<\/a>\n\t\t<\/div>\n\t\t\t\t<\/div>\n\t\t\t\t<\/div>\n\t\t\t\t\t<\/div>\n\t\t<\/div>\n\t\t\t\t<div class=\"elementor-column elementor-col-50 elementor-top-column elementor-element elementor-element-a2d67c2\" data-id=\"a2d67c2\" data-element_type=\"column\">\n\t\t\t<div class=\"elementor-widget-wrap elementor-element-populated\">\n\t\t\t\t\t\t<div class=\"elementor-element elementor-element-4b585ec elementor-view-default elementor-widget elementor-widget-icon\" data-id=\"4b585ec\" data-element_type=\"widget\" data-widget_type=\"icon.default\">\n\t\t\t\t<div class=\"elementor-widget-container\">\n\t\t\t\t\t<div class=\"elementor-icon-wrapper\">\n\t\t\t<div class=\"elementor-icon\">\n\t\t\t<i aria-hidden=\"true\" class=\"fas fa-hand-holding\"><\/i>\t\t\t<\/div>\n\t\t<\/div>\n\t\t\t\t<\/div>\n\t\t\t\t<\/div>\n\t\t\t\t<div class=\"elementor-element elementor-element-248c891 elementor-widget elementor-widget-heading\" data-id=\"248c891\" data-element_type=\"widget\" data-widget_type=\"heading.default\">\n\t\t\t\t<div class=\"elementor-widget-container\">\n\t\t\t<h2 class=\"elementor-heading-title elementor-size-default\">Faire un don<\/h2>\t\t<\/div>\n\t\t\t\t<\/div>\n\t\t\t\t<div class=\"elementor-element elementor-element-2c1e9dc elementor-widget elementor-widget-text-editor\" data-id=\"2c1e9dc\" data-element_type=\"widget\" data-widget_type=\"text-editor.default\">\n\t\t\t\t<div class=\"elementor-widget-container\">\n\t\t\t\t\t\t\t<p><span style=\"font-size: 14pt;\">Participez \u00e0 la promotion de la langue bretonne, soutenez nos actions : les projets de l&rsquo;association ne manquent pas et verront le jour gr\u00e2ce \u00e0 vos dons&#8230;<\/span><\/p>\t\t\t\t\t\t<\/div>\n\t\t\t\t<\/div>\n\t\t\t\t<div class=\"elementor-element elementor-element-97dfd94 elementor-align-center elementor-widget elementor-widget-button\" data-id=\"97dfd94\" data-element_type=\"widget\" data-widget_type=\"button.default\">\n\t\t\t\t<div class=\"elementor-widget-container\">\n\t\t\t\t\t<div class=\"elementor-button-wrapper\">\n\t\t\t<a class=\"elementor-button elementor-button-link elementor-size-sm\" href=\"https:\/\/breton-nantes.bzh\/index.php\/association\/faire-un-don\/\">\n\t\t\t\t\t\t<span class=\"elementor-button-content-wrapper\">\n\t\t\t\t\t\t\t\t\t<span class=\"elementor-button-text\">En savoir plus<\/span>\n\t\t\t\t\t<\/span>\n\t\t\t\t\t<\/a>\n\t\t<\/div>\n\t\t\t\t<\/div>\n\t\t\t\t<\/div>\n\t\t\t\t\t<\/div>\n\t\t<\/div>\n\t\t\t\t\t<\/div>\n\t\t<\/section>\n\t\t\t\t<\/div>\n\t\t","protected":false},"excerpt":{"rendered":"<p>Qui sommes-nous ? Acteur incontournable de l\u2019enseignement du breton en Loire-Atlantique depuis 1985, KanN est aujourd\u2019hui une f\u00e9d\u00e9ration regroupant plus de 200 adh\u00e9rents&#8230; En savoir plus Faire un don Participez \u00e0 la promotion de la langue bretonne, soutenez nos actions : les projets de l&rsquo;association ne manquent pas et verront le jour gr\u00e2ce \u00e0 vos&hellip;<\/p>\n","protected":false},"author":1,"featured_media":0,"parent":0,"menu_order":0,"comment_status":"closed","ping_status":"closed","template":"","meta":{"footnotes":""},"class_list":["post-13","page","type-page","status-publish","hentry"],"_links":{"self":[{"href":"https:\/\/breton-nantes.bzh\/index.php\/wp-json\/wp\/v2\/pages\/13","targetHints":{"allow":["GET"]}}],"collection":[{"href":"https:\/\/breton-nantes.bzh\/index.php\/wp-json\/wp\/v2\/pages"}],"about":[{"href":"https:\/\/breton-nantes.bzh\/index.php\/wp-json\/wp\/v2\/types\/page"}],"author":[{"embeddable":true,"href":"https:\/\/breton-nantes.bzh\/index.php\/wp-json\/wp\/v2\/users\/1"}],"replies":[{"embeddable":true,"href":"https:\/\/breton-nantes.bzh\/index.php\/wp-json\/wp\/v2\/comments?post=13"}],"version-history":[{"count":4,"href":"https:\/\/breton-nantes.bzh\/index.php\/wp-json\/wp\/v2\/pages\/13\/revisions"}],"predecessor-version":[{"id":7415,"href":"https:\/\/breton-nantes.bzh\/index.php\/wp-json\/wp\/v2\/pages\/13\/revisions\/7415"}],"wp:attachment":[{"href":"https:\/\/breton-nantes.bzh\/index.php\/wp-json\/wp\/v2\/media?parent=13"}],"curies":[{"name":"wp","href":"https:\/\/api.w.org\/{rel}","templated":true}]}}

La fédération

<div data-elementor-type="wp-page" data-elementor-id="13" class="elementor elementor-13">
						<section class="elementor-section elementor-top-section elementor-element elementor-element-99231ba elementor-section-boxed elementor-section-height-default elementor-section-height-default" data-id="99231ba" data-element_type="section">
						<div class="elementor-container elementor-column-gap-default">
					<div class="elementor-column elementor-col-50 elementor-top-column elementor-element elementor-element-a49f7b9" data-id="a49f7b9" data-element_type="column">
			<div class="elementor-widget-wrap elementor-element-populated">
						<div class="elementor-element elementor-element-981b658 elementor-view-default elementor-widget elementor-widget-icon" data-id="981b658" data-element_type="widget" data-widget_type="icon.default">
				<div class="elementor-widget-container">
					<div class="elementor-icon-wrapper">
			<div class="elementor-icon">
			<i aria-hidden="true" class="fas fa-users"></i>			</div>
		</div>
				</div>
				</div>
				<div class="elementor-element elementor-element-da117d0 elementor-widget elementor-widget-heading" data-id="da117d0" data-element_type="widget" data-widget_type="heading.default">
				<div class="elementor-widget-container">
			<h2 class="elementor-heading-title elementor-size-default">Qui sommes-nous ?</h2>		</div>
				</div>
				<div class="elementor-element elementor-element-2be785f elementor-widget elementor-widget-text-editor" data-id="2be785f" data-element_type="widget" data-widget_type="text-editor.default">
				<div class="elementor-widget-container">
							<p><span style="font-size: 14pt;">Acteur incontournable de l’enseignement du breton en Loire-Atlantique depuis 1985, KanN est aujourd’hui une fédération regroupant plus de 200 adhérents&#8230;</span></p>						</div>
				</div>
				<div class="elementor-element elementor-element-d241a22 elementor-align-center elementor-widget elementor-widget-button" data-id="d241a22" data-element_type="widget" data-widget_type="button.default">
				<div class="elementor-widget-container">
					<div class="elementor-button-wrapper">
			<a class="elementor-button elementor-button-link elementor-size-sm" href="https://breton-nantes.bzh/?page_id=910&#038;preview=true">
						<span class="elementor-button-content-wrapper">
									<span class="elementor-button-text">En savoir plus</span>
					</span>
					</a>
		</div>
				</div>
				</div>
					</div>
		</div>
				<div class="elementor-column elementor-col-50 elementor-top-column elementor-element elementor-element-a2d67c2" data-id="a2d67c2" data-element_type="column">
			<div class="elementor-widget-wrap elementor-element-populated">
						<div class="elementor-element elementor-element-4b585ec elementor-view-default elementor-widget elementor-widget-icon" data-id="4b585ec" data-element_type="widget" data-widget_type="icon.default">
				<div class="elementor-widget-container">
					<div class="elementor-icon-wrapper">
			<div class="elementor-icon">
			<i aria-hidden="true" class="fas fa-hand-holding"></i>			</div>
		</div>
				</div>
				</div>
				<div class="elementor-element elementor-element-248c891 elementor-widget elementor-widget-heading" data-id="248c891" data-element_type="widget" data-widget_type="heading.default">
				<div class="elementor-widget-container">
			<h2 class="elementor-heading-title elementor-size-default">Faire un don</h2>		</div>
				</div>
				<div class="elementor-element elementor-element-2c1e9dc elementor-widget elementor-widget-text-editor" data-id="2c1e9dc" data-element_type="widget" data-widget_type="text-editor.default">
				<div class="elementor-widget-container">
							<p><span style="font-size: 14pt;">Participez à la promotion de la langue bretonne, soutenez nos actions : les projets de l&rsquo;association ne manquent pas et verront le jour grâce à vos dons&#8230;</span></p>						</div>
				</div>
				<div class="elementor-element elementor-element-97dfd94 elementor-align-center elementor-widget elementor-widget-button" data-id="97dfd94" data-element_type="widget" data-widget_type="button.default">
				<div class="elementor-widget-container">
					<div class="elementor-button-wrapper">
			<a class="elementor-button elementor-button-link elementor-size-sm" href="https://breton-nantes.bzh/index.php/association/faire-un-don/">
						<span class="elementor-button-content-wrapper">
									<span class="elementor-button-text">En savoir plus</span>
					</span>
					</a>
		</div>
				</div>
				</div>
					</div>
		</div>
					</div>
		</section>
				</div>

<p>Qui sommes-nous ? Acteur incontournable de l’enseignement du breton en Loire-Atlantique depuis 1985, KanN est aujourd’hui une fédération regroupant plus de 200 adhérents&#8230; En savoir plus Faire un don Participez à la promotion de la langue bretonne, soutenez nos actions : les projets de l&rsquo;association ne manquent pas et verront le jour grâce à vos&hellip;</p>
